). Let g(o) = -27*o + 15. What is the hundreds digit of g(t)?
7
Let b(h) = -h**3 + 4*h**3 - 5995*h**2 - 46*h - 8 - 5*h**3 + 5983*h**2. What is the hundreds digit of b(-4)?
1
Suppose 24*v - 14*v = -26*v + 1225548. What is the ten thousands digit of v?
3
What is the hundreds digit of ((-712)/48 + 24/(-144))*(-15716)/5?
1
Let m = 46 - 37. Suppose 0 = -14*v + m*v + 45. Suppose -10 = -3*k + o + v, k - 3 = o. What is the units digit of k?
8
Suppose -2*q - 32138 = -5*t, 29*t = 35*t - 4*q - 38572. What is the thousands digit of t?
6
Suppose 138*n - 276*n + 552966 = 0. What is the units digit of n?
7
Let f = -3 - -14. Suppose -4*t + 0*g + 3*g = f, t + g + 1 = 0. Let w(q) = -2*q**3 - 2*q**2 - 4*q - 2. What is the tens digit of w(t)?
1
Suppose -5*t - q = -55, -19*t = -21*t + 5*q + 49. Suppose -22*x = t*x - 60384. What is the thousands digit of x?
1
Let i = -127 + 115. What is the units digit of (-3)/i*-2 + (-347)/(-2)?
3
Let d = -20 - -25. Suppose 0 = 9*r - d*r - 8. Let k(o) = 18*o**3 + 6*o**2 - 3*o. What is the units digit of k(r)?
2
Let v(k) = 2*k**3 - 2*k**2 - 2*k. Let w be v(2). Suppose -9 = w*o + 23. Let z = 102 + o. What is the tens digit of z?
9
Let c = 21 - 7. Let d(s) = s**3 - 14*s**2 - 13. Let q be d(c). What is the units digit of 3*4/(-6)*q?
6
Suppose -2*w = 5*a - 7*w - 300, -3*w + 9 = 0. Let f = a - 69. Let o(r) = 3*r + 21. What is the units digit of o(f)?
3
Suppose j = -5*w + 122242, -2*j = 4*w - 148961 + 51177. What is the ten thousands digit of w?
2
What is the tens digit of ((-389 - -5) + 4)*(-1088)/40?
3
Let f = 707 - 293. Let x be f/(-161) + (-8)/(-14). What is the tens digit of 2*(x - -3)*137/2?
3
Suppose 4*s - 47 = 5*w, 2*w - 10 = -3*s + s. Suppose -31 = -s*f + 33. What is the units digit of f?
8
Let z(m) = m**3 - 4*m**2 - 8*m + 43. Let o be z(4). What is the hundreds digit of (-2)/6*(-314 + o)?
1
Let v(h) = 13*h**2 + 87*h + 13. Let m(u) = u + 3. Let n(t) = -3*m(t) + v(t). What is the tens digit of n(-10)?
6
Let i = 688 + -490. Suppose 178*c = 175*c + i. What is the tens digit of c?
6
Let g be ((-2)/(24/15))/(3/(-12)). Suppose 3*h - 23 = -0*h - f, g*h - 5*f = 5. Suppose -h*r - 134 = -1466. What is the hundreds digit of r?
2
Let a(c) = 43*c - 28. Let f(u) = -u**2 - 88*u + 56. Let z(v) = -5*a(v) - 2*f(v). What is the hundreds digit of z(26)?
3
Let b be ((-588)/(-18))/((-2)/(-12)). Let v = b - 135. What is the tens digit of v?
6
What is the thousands digit of (12/(-6))/(-2) + (2 + 6336 - 0)?
6
Let h = 94379 + -60219. What is the thousands digit of h?
4
Suppose 0 = 2*s - 5*g - 195 - 47, 5*s - 2*g - 605 = 0. Let r = s + -74. What is the units digit of (4 + r - -4)*1?
5
Let v(h) be the first derivative of h**2/2 + 18*h + 12. Suppose 0 = -4*a, -40 = c + 3*c + 2*a. What is the units digit of v(c)?
8
Let v(m) = 1 - 4*m**2 + 6*m**2 + 20 + 7. What is the tens digit of v(-19)?
5
Let q(a) = -38*a - 13 - 10 + 0 - 7. What is the hundreds digit of q(-15)?
5
Suppose 408864 - 21264 = 35*u - 373790. What is the thousands digit of u?
1
Suppose -6 + 2 = -2*x. Suppose 4*c + l - 9 - 10 = 0, 8 = 3*c + x*l. What is the tens digit of (109/(-3))/((-2)/c)?
0
Let l = 16037 + -3022. What is the units digit of l?
5
What is the tens digit of 5 - -2036*(-3 - -6)?
1
What is the tens digit of (-7 - 5612)*(7 - 440/33)?
8
Suppose 4*b = 97 - 25. Suppose -58*n + 103*n + 158*n = 3045. Let o = b - n. What is the units digit of o?
3
Let j be -2*1/(-2) - 18. Let s = 13 + j. What is the units digit of (6 - (-12)/s)*1?
3
Suppose 0*m = -m - 68. Let d = m - -102. Let h = d - 33. What is the units digit of h?
1
Suppose 113*m - 687573 = 23197. What is the units digit of m?
0
Suppose -88*s + 174*s = 336174. What is the units digit of s?
9
Let r = -254 + 260. What is the units digit of (25/(-60)*3)/(r/(-144))?
0
Suppose 2*b + 233*p - 46640 = 228*p, -4*b + 93190 = -5*p. What is the units digit of b?
5
Let r(q) = 26*q - 6. Let g be 2/8 - (1100/16)/(-5). What is the tens digit of r(g)?
5
Let j be (((-54)/15)/6)/((-1)/5). Suppose -4*b - r = -522 - 7, j*r - 656 = -5*b. Let w = 1 + b. What is the tens digit of w?
3
What is the units digit of 490238/42 + (-4)/(-6)?
3
Suppose -5*a + 5*l = -4*a - 25, 3*a = 2*l + 23. Suppose 4*f - 5*f - 27 = 5*g, 0 = 2*f + a*g + 29. What is the hundreds digit of (177 - -7)*((f - -3) + 0)?
1
Let s(y) be the second derivative of 30*y - 3/2*y**3 + 0 - 1/20*y**5 + 11/12*y**4 + y**2. What is the tens digit of s(6)?
2
Let t = 1224 + 1632. What is the units digit of t/8 + (-5 - -2)?
4
Suppose 6*l = 4*l + 10. Let q = -38 - l. What is the tens digit of q*(-12)/9 - 16/12?
5
Let p = -699 + 703. Suppose -5*j + 418 = -2*l - 800, -2*j + 500 = -p*l. What is the tens digit of j?
4
Suppose -198*a = -81*a - 85*a - 10816. Suppose -3*n = n - 8. Suppose 4*d - n*d + 3*f - 338 = 0, -f = -2*d + a. What is the units digit of d?
9
Let t = 4489 - 2644. What is the tens digit of t?
4
Suppose 12*a - 18 = -6. Let g be ((-6)/(-3) - a)*(-31728)/4. What is the units digit of 4/26 - g/156?
1
Suppose 13*f + 10*f + 138 = 0. What is the tens digit of -5*(-357)/35*(-32)/f?
7
Let c(k) = 3*k**2 + 181 + 12*k - 10*k + 73 + 1. What is the units digit of c(0)?
5
Suppose 0 = -24*a + 628547 - 76859. What is the units digit of a?
7
Let v = -4713 - -33501. What is the ten thousands digit of v?
2
Let s = 437 - 420. Let x(q) = 10*q**3 - 51*q**2 + 25*q + 14. Let t(p) = 3*p**3 - 17*p**2 + 8*p + 5. Let u(h) = 7*t(h) - 2*x(h). What is the units digit of u(s)?
9
Let b(m) = 3*m**3 - 29*m**2 + 7*m. Let s be b(5). Let t = 478 - s. What is the tens digit of t?
9
Let y(n) = 5*n - 55. Let s be y(7). Let g be -5*(36/s - -1). Suppose -g*p + 216 = -648. What is the tens digit of p?
1
Suppose -6*t + x = -2*t - 56, 46 = 2*t + 4*x. Suppose -t*n + 18506 = 4*n. What is the units digit of n?
4
Let j(l) = 1359*l - 365. What is the units digit of j(4)?
1
Suppose d + j - 752 = 0, j + 2264 = 6*d - 3*d. Suppose 2*a - 4*m - d = 0, -6*a - m + 764 = -4*a. What is the units digit of a?
1
Let p = 123 - 117. Let c(l) = 30*l**3 + 7*l**2 + 4*l + 6. Let a(w) = 29*w**3 + 8*w**2 + 5*w + 7. Let q(u) = p*c(u) - 5*a(u). What is the units digit of q(1)?
7
Let p(a) = 33*a**2 - 1135*a - 89. What is the units digit of p(-21)?
9
What is the hundreds digit of 712635/(-30)*(-4)/14?
7
Let l(d) = -8*d**2 + 4*d + 18. Let c be l(9). Let b = c + 920. What is the tens digit of b?
2
Suppose -26 - 10 = -6*s. What is the tens digit of (-3)/s - 5116/(-8)?
3
Suppose -4 = -3*n + 4*g + 1, -2*g + 14 = 4*n. Suppose 1268 = 5*j + 2*x, -n*j + 757 = -x + 6*x. Suppose -j - 148 = -6*m. What is the tens digit of m?
6
Suppose -2444 = -m + 5*l, -3*m - 3*l + 2634 = -4680. Suppose 28035 = 54*f + m. What is the units digit of f?
4
What is the units digit of (750666/27)/2 - (-14)/(-63)?
1
Let m be 0 - 3/(-6) - 35/(-10). Suppose -o + 592 = -0*o - m*v, 3*o - 4*v = 1816. What is the tens digit of o?
1
Suppose 2*f - 1257 = -y, -4*f = 4*y + 301 - 5325. Let n = -662 + y. What is the hundreds digit of n?
5
Suppose 3*i - 9 = 0, -4*a + 6*i + 5771 = 11*i. What is the hundreds digit of a?
4
Suppose 0 = 2*q + 2*w + 3 + 1, 4*w = -20. Suppose -4*c + 16 = -4*z, -q*z - z = 5*c - 2. What is the tens digit of (-5)/(-5)*c - (-23 + -2)?
2
Let y(i) = -3541*i + 326. What is the units digit of y(-2)?
8
Suppose 0 = -5*a + 4*j - 1419 + 5462, -4*a = 2*j - 3250. What is the tens digit of a?
1
Let o(z) = 162*z**2 - 81*z + 928. What is the thousands digit of o(11)?
9
What is the hundreds digit of 22/2 - 5 - -8155?
1
Let j(c) = -5468*c - 754. What is the ten thousands digit of j(-4)?
2
Let l(a) = a**3 - 7*a**2 - 5*a + 8. Let r be l(7). Let k = -25 - r. Suppose -2*v = -k*y - 46, -5*v + 3*y = -38 - 83. What is the tens digit of v?
2
Suppose 2*s - 20894 = -c, 0 = 2*s + 5*c - 19412 - 1458. What is the thousands digit of s?
0
Suppose 119*n - 117*n = 4, -2*y + 3*n = -39618. What is the tens digit of y?
1
Let s(d) be the second derivative of -5/4*d**4 - 1/20*d**5 + 0 + 3/2*d**3 + 19/2*d**2 + 10*d. What is the units digit of s(-16)?
1
Suppose -3*w = -6*w - t + 183386, -t - 183382 = -3*w. What is the units digit of w?
8
Let c(m) = 2*m**3 - 16*m**2 + 45*m - 562. What is the units digit of c(19)?
5
Suppose 448492 + 308738 = 92*f - 120266. What is the hundreds digit of f?
5
Let s(h) = 5*h - 13. Let q be s(3). Suppose q